6
Calculate the greatest common divisor of 28990563 and 105.
21
Calculate the greatest common divisor of 6900124 and 341.
11
What is the greatest common factor of 1098 and 1785489093?
549
Calculate the highest common factor of 1712 and 294456.
8
Calculate the highest common divisor of 48 and 388356.
12
What is the greatest common factor of 4553736 and 47?
47
What is the highest common divisor of 5 and 48896515?
5
What is the greatest common factor of 60477312 and 22946?
2086
Calculate the greatest common divisor of 9271 and 6793307.
73
Calculate the highest common factor of 2302392032 and 38.
38
What is the highest common factor of 658 and 7393526?
14
Calculate the greatest common factor of 12720981 and 9191.
91
Calculate the greatest common divisor of 281446 and 83732.
242
Calculate the greatest common factor of 2158692 and 1517952.
708
What is the highest common factor of 66161759 and 976?
61
Calculate the greatest common factor of 352985276 and 5908.
5908
What is the greatest common factor of 28640932 and 14?
2
What is the highest common factor of 580 and 2765150?
290
What is the highest common divisor of 14834174 and 38?
38
Calculate the highest common divisor of 2073 and 373221538.
691
What is the greatest common divisor of 2880 and 5739210?
90
What is the greatest common factor of 3192000 and 14350?
350
What is the greatest common divisor of 284685 and 480?
15
Calculate the greatest common factor of 63 and 20931246.
63
Calculate the greatest common divisor of 156 and 1861665.
39
Calculate the greatest common divisor of 12247 and 20389931.
331
Calculate the greatest common factor of 442 and 7907601.
221
Calculate the highest common factor of 6410588 and 4316.
332
What is the highest common factor of 346259963 and 322?
161
Calculate the highest common divisor of 298320 and 7389360.
2640
Calculate the greatest common divisor of 156859570 and 140.
70
What is the highest common divisor of 2989602 and 1232?
154
What is the greatest common divisor of 4136 and 696634?
94
Calculate the highest common factor of 232 and 46304126.
58
Calculate the greatest common divisor of 10744 and 13413963.
79
What is the highest common factor of 7264 and 319520?
32
What is the highest common factor of 2316 and 15493461?
579
What is the greatest common factor of 1144124 and 51500?
412
Calculate the greatest common divisor of 83460 and 122729.
107
What is the highest common factor of 19684 and 80279788?
2812
Calculate the greatest common factor of 346920 and 92120.
1960
Calculate the greatest common divisor of 3 and 22389000.
3
What is the greatest common divisor of 75 and 15535905?
15
What is the greatest common divisor of 68 and 156502?
34
Calculate the greatest common factor of 5319024 and 4512.
48
What is the greatest common factor of 5970252 and 16?
4
What is the highest common divisor of 55169466 and 1694?
242
Calculate the highest common divisor of 108 and 2186436.
12
Calculate the greatest common factor of 3540606 and 57981.
753
What is the highest common factor of 352 and 295180908?
44
What is the highest common divisor of 1532 and 5237525?
383
Calculate the highest common divisor of 288 and 12897824.
32
Calculate the greatest common factor of 7472 and 11692496.
16
Calculate the greatest common factor of 3809 and 2252291.
293
Calculate the greatest common factor of 1289631 and 104811.
4557
Calculate the highest common factor of 238816 and 274754.
34
What is the highest common factor of 762803 and 7169?
107
Calculate the greatest common divisor of 114 and 476155257.
57
Calculate the highest common factor of 308 and 798875.
77
Calculate the highest common divisor of 7736234 and 352.
22
What is the greatest common divisor of 9354448 and 598042?
8926
Calculate the greatest common factor of 148 and 26335009.
37
What is the highest common factor of 7485 and 6747045?
15
Calculate the highest common divisor of 540693095 and 1970.
985
Calculate the greatest common divisor of 101290091 and 21.
7
What is the greatest common divisor of 17299142 and 14?
14
Calculate the greatest common divisor of 17784 and 354288402.
4446
What is the greatest common divisor of 1587 and 36150894?
69
What is the highest common factor of 16 and 38312704?
16
What is the greatest common divisor of 41089995 and 410?
205
Calculate the highest common divisor of 5414646 and 5382654.
7998
What is the highest common factor of 634991979 and 213?
213
Calculate the highest common factor of 172 and 8879629.
43
What is the greatest common divisor of 720 and 5065040?
80
Calculate the greatest common divisor of 5544581 and 23832.
331
What is the greatest common divisor of 299 and 228648359?
23
What is the highest common divisor of 229772 and 1146752?
2108
Calculate the highest common divisor of 130650 and 495000.
150
Calculate the greatest common divisor of 1647 and 441.
9
What is the highest common divisor of 779 and 2852083?
41
What is the highest common divisor of 5174620 and 51084?
1892
Calculate the greatest common factor of 3353 and 6566611.
479
Calculate the greatest common divisor of 12914 and 715836.
22
Calculate the highest common divisor of 4410520 and 15620.
1420
What is the greatest common divisor of 392653 and 5219?
307
What is the highest common factor of 216 and 1006801920?
216
Calculate the greatest common divisor of 14240050 and 14850.
550
What is the highest common divisor of 136591272 and 2187?
2187
Calculate the highest common divisor of 348 and 46749856.
116
Calculate the greatest common divisor of 126024 and 93717.
267
What is the greatest common divisor of 403 and 2804854?
13
What is the greatest common factor of 1568016 and 5328?
144
What is the highest common divisor of 262416 and 269328?
48
Calculate the highest common factor of 39910 and 21235190.
3070
Calculate the greatest common divisor of 45338475 and 16900.
4225
What is the highest common divisor of 108 and 1496988?
108
What is the highest common divisor of 42692 and 6065548?
3284
Calculate the highest common divisor of 110800164 and 1548.
516
What is the highest common divisor of 33345481 and 1963?
1963
What is the highest common divisor of 4 and 69997620?
4
What is the greatest common divisor of 101180672 and 512?
256
What is the highest common factor of 29187 and 3544599?
3243
Calculate the greatest common divisor of 765 and 3786665.
85
Calculate the highest common factor of 1888601 and 77.
11
Calculate the highest common divisor of 51645 and 13336290.
165
Calculate the greatest common divisor of 45 and 148872765.
15
Calculate the greatest common divisor of 15 and 49293585.
15
Calculate the highest common factor of 8511360 and 953436.
4092
Calculate the greatest common factor of 13203625 and 115.
5
What is the greatest common divisor of 2484 and 2018756?
92
What is the highest common divisor of 11368098 and 3906?
126
What is the greatest common factor of 855330 and 2604?
42
Calculate the greatest common factor of 8615556 and 108.
36
What is the highest common factor of 68260516 and 4?
4
Calculate the greatest common divisor of 158690737 and 428.
107
What is the highest common factor of 1146 and 1466880?
1146
Calculate the greatest common divisor of 76547 and 110770977.
1867
What is the greatest common divisor of 258264 and 15825?
633
Calculate the highest common factor of 10356 and 258480582.
5178
Calculate the highest common factor of 702205922 and 21351.
7117
Calculate the highest common factor of 391 and 5625754.
23
What is the greatest common divisor of 399575 and 143?
11
Calculate the greatest common divisor of 2227 and 8619697.
17
Calculate the highest common divisor of 5 and 25486339.
1
What is the highest common divisor of 4017 and 247559?
13
Calculate the greatest common factor of 2308522337 and 1331.
1331
What is the highest common factor of 8 and 9488112?
8
Calculate the greatest common factor of 424509624 and 25410.
5082
What is the highest common factor of 3177 and 59949?
9
What is the highest common factor of 25957 and 9345291?
257
What is the greatest common divisor of 57387096 and 104?
104
What is the greatest common divisor of 7006090 and 38090?
130
What is the greatest common factor of 729810 and 2635?
85
Calculate the highest common divisor of 221 and 7442294.
17
Calculate the greatest common 